mber?
False
Is 189166969 composite?
False
Is 111630958 a prime number?
False
Is 12003241693 composite?
True
Is 6083232361 composite?
True
Is 23549284397 prime?
True
Is 45528062557 composite?
False
Is 2389154621 composite?
True
Is 1074806263 a prime number?
True
Is 171582560633 a composite number?
True
Is 53929402 composite?
True
Is 52397936581 a prime number?
False
Is 3125458319 a prime number?
False
Is 7674926113 composite?
False
Is 4468404931 composite?
True
Is 1647320051 prime?
False
Is 2438006797 a composite number?
False
Is 1144171527 composite?
True
Is 1056634933 prime?
False
Is 18236656723 a prime number?
False
Is 36514733647 a prime number?
False
Is 24450877343 a composite number?
False
Is 56540601977 a prime number?
True
Is 12747462829 composite?
True
Is 2372947337 a composite number?
False
Is 50458800127 a prime number?
True
Is 253188289 prime?
True
Is 2085203917 prime?
False
Is 43425466165 prime?
False
Is 40411443571 prime?
True
Is 4266654415 composite?
True
Is 597108179 prime?
True
Is 713642273 composite?
True
Is 8480007281 a composite number?
False
Is 28574783983 composite?
True
Is 18519168607 composite?
False
Is 15513845231 composite?
False
Is 6743544323 a prime number?
True
Is 849955559 composite?
True
Is 94002487 a prime number?
True
Is 3176477809 prime?
True
Is 438565229 prime?
False
Is 446533354 prime?
False
Is 164469414337 a prime number?
True
Is 15099494741 composite?
True
Is 3489097279 composite?
False
Is 791331311 a composite number?
True
Is 1078589 composite?
False
Is 32724317669 composite?
True
Is 9046357 prime?
False
Is 44650033 a composite number?
False
Is 9966082823 composite?
False
Is 269706239 a composite number?
True
Is 200699586059 composite?
True
Is 1326152957 a composite number?
False
Is 18015680381 composite?
True
Is 637825961 composite?
True
Is 472359763 prime?
False
Is 18769723703 a prime number?
True
Is 273121273 a composite number?
False
Is 1981865279 a composite number?
False
Is 5721135713 a composite number?
True
Is 1373171441 a composite number?
True
Is 230428463 a prime number?
True
Is 154917109 a prime number?
False
Is 67168774853 a composite number?
True
Is 23397555229 composite?
False
Is 249755754373 composite?
False
Is 32166351323 prime?
False
Is 5316653707 prime?
False
Is 12269584759 composite?
False
Is 359288921 a prime number?
False
Is 761853271 a composite number?
True
Is 44023573697 prime?
True
Is 11912028677 composite?
True
Is 6950721353 prime?
False
Is 33010227473 prime?
True
Is 3710558521 composite?
False
Is 215457787547 prime?
True
Is 8612918987 a composite number?
False
Is 1434931823 a prime number?
False
Is 485644711 a composite number?
False
Is 18359262307 composite?
False
Is 32498715199 composite?
False
Is 3885619313 prime?
True
Is 2591055911 prime?
True
Is 136420681 a prime number?
True
Is 855801799 a composite number?
True
Is 7896336353 prime?
False
Is 5873457197 a composite number?
True
Is 7481107957 composite?
False
Is 88717953793 composite?
True
Is 107687413409 a prime number?
False
Is 6921284309 composite?
True
Is 1304704459 a prime number?
True
Is 30882119777 prime?
False
Is 501569501 prime?
False
Is 5913893437 a composite number?
False
Is 6531190279 a composite number?
True
Is 9147709531 prime?
True
Is 3129071422 a prime number?
False
Is 6263160539 prime?
True
Is 18348810757 prime?
False
Is 478139803 prime?
True
Is 6483840703 a prime number?
True
Is 510674897 a prime number?
True
Is 2352696611 composite?
True
Is 2880123749 a composite number?
True
Is 3148198631 a prime number?
False
Is 784709297 prime?
True
Is 445087061 prime?
True
Is 415566419 prime?
False
Is 26429080903 prime?
False
Is 363883423 composite?
False
Is 35763338035 a prime number?
False
Is 38119689811 composite?
True
Is 31199449 a prime number?
True
Is 7383049511 composite?
False
Is 23113277641 composite?
True
Is 554657927 composite?
True
Is 21985652393 composite?
False
Is 14488518329 a composite number?
True
Is 848813443 prime?
True
Is 1716390343 a composite number?
True
Is 10064468573 a prime number?
False
Is 46359926587 a composite number?
True
Is 514012873 composite?
True
Is 185105057 a prime number?
False
Is 166597789 prime?
False
Is 2348159573 a composite number?
True
Is 11132532641 a composite number?
True
Is 492643673 a composite number?
False
Is 16574065657 a composite number?
True
Is 4149790987 prime?
True
Is 1796662729 a prime number?
False
Is 7821494983 composite?
False
Is 1814398667 a prime number?
True
Is 3127937101 composite?
False
Is 318395837 a composite number?
False
Is 58629322211 a composite number?
True
Is 57324188113 composite?
False
Is 824213023 a composite number?
True
Is 2181765181 prime?
True
Is 29045749471 prime?
False
Is 1277170573 a composite number?
True
Is 11532510679 composite?
False
Is 7760179871 a composite number?
False
Is 513390731 composite?
True
Is 257188853 prime?
True
Is 660938363 a composite number?
True
Is 10675177679 prime?
True
Is 9009484501 composite?
True
Is 1239410111 composite?
False
Is 165513961 prime?
False
Is 25693524407 prime?
False
Is 5137807729 a composite number?
False
Is 7715001659 a composite number?
True
Is 829483097 composite?
False
Is 64624007339 prime?
False
Is 2934058363 a composite number?
True
Is 6046679917 a composite number?
False
Is 34303138697 a composite number?
True
Is 14748542689 composite?
True
Is 153573877 prime?
True
Is 71849740307 a composite number?
False
Is 91104038161 a composite number?
False
Is 210527081 a prime number?
True
Is 305852917 prime?
False
Is 153986113 prime?
False
Is 1940993401 a prime number?
False
Is 349101707 a composite number?
False
Is 22490362777 a prime number?
False
Is 56487419 a prime number?
False
Is 242281075073 a composite number?
False
Is 1069943101 composite?
False
Is 467296259 a composite number?
True
Is 2972369541 prime?
False
Is 5262927559 a prime number?
True
Is 108246271323 a prime number?
False
Is 4077844231 a composite number?
True
Is 2968492339 a prime number?
True
Is 9060997643 composite?
True
Is 131463707 a composite number?
False
Is 7150276681 prime?
True
Is 5154379343 composite?
True
Is 64385418301 composite?
False
Is 1222167302 a composite number?
True
Is 153834709 a composite number?
True
Is 109399317 a prime number?
False
Is 3299681289 prime?
False
Is 3600717097 a prime number?
True
Is 243710341 prime?
False
Is 907517869 composite?
False
Is 839400229 a composite number?
False
Is 18627224089 a composite number?
True
Is 69885974501 a prime number?
False
Is 611897749 a composite number?
True
Is 376575889 composite?
False
Is 867862361 a composite number?
False
Is 1247370587 prime?
True
Is 795042277 prime?
True
Is 9253060739 prime?
False
Is 3386246729 a prime number?
False
Is 12487678531 composite?
False
Is 416458859 composite?
False
Is 46857102767 prime?
True
Is 10577358331 composite?
True
Is 23467904659 a prime number?
True
Is 3461655577 composite?
True
Is 1580135079 prime?
False
Is 1445778523 prime?
False
Is 2230708991 a composite number?
True
Is 27809936873 a composite number?
False
Is 1000681399 a prime number?
True
Is 21651853141 composite?
False
Is 1032371243 a composite number?
False
Is 21976757483 composite?
True
Is 295705816423 a prime number?
True
Is 3841727033 a composite number?
True
Is 67132203491 composite?
False
Is 56293721663 composite?
False
Is 26635092173 prime?
True
Is 4067796589 a prime number?
True
Is 215502745 prime?
False
Is 190046739 prime?
False
Is 4099715141 a prime number?
True
Is 2744718859 a prime number?
True
Is 190691395 a composite number?
True
Is 2119511003 prime?
False
Is 341334121 a composite number?
False
Is 61322659 a prime number?
False
Is 157713421 prime?
False
Is 7062199817 prime?
False
Is 388844619 a prime number?
False
Is 1091248069 a prime number?
True
Is 516420991 composite?
True
Is 3483235271 prime?
True
Is 271786831 composite?
False
Is 1840670327 a prime number?
False
Is 5336279947 composite?
True
Is 4965172973 composite?
False
Is 8194574594 a prime number?
False
Is 6797763601 a prime number?
False
Is 4122203723 prime?
False
Is 211542467 a composite number?
False
Is 6849408131 composite?
False
Is 46408973401 prime?
False
Is 1036952393 a prime number?
True
Is 36506333 composite?
True
Is 7874784373 prime?
True
Is 55824161 composite?
False
Is 233679816